3*c - 3*z - 90, -c - 5*z + 9 = -39. Suppose 0 = -5*v + 20 - 5. What is the greatest common factor of c and v?
3
Let s = 15 - 6. Let z be 190/3 - (-16)/(-48). Calculate the highest common factor of s and z.
9
Suppose 2 - 104 = -3*b. Let a(g) = 2*g**2 + g + 7. Let c be a(6). What is the highest common divisor of b and c?
17
Let t be (0 + -28)*(-45)/60. What is the greatest common divisor of t and 3?
3
Let u be 73/3 + (-1)/3. Let l(g) = -g**3 + g**2 + 168. Let j be l(0). Calculate the highest common factor of j and u.
24
Let i be (0 + 0)*(-1)/2. Let z(a) = -a**2 + a + 18. Let v be z(i). Suppose -39 + 35 = -2*n. Calculate the greatest common factor of n and v.
2
Suppose 3*h - 236 - 49 = 0. Let i be (-3 - (-1 - 0)) + 40. Suppose -3*b + 2*b = -i. Calculate the highest common factor of h and b.
19
Suppose 6*u - 2*u - 372 = 0. What is the greatest common factor of 31 and u?
31
Let o(z) = -z + 2. Let y be o(-2). Let a be (-3)/(-5) - (-6)/15. Let m be (-2 - 0/a)/(-2). Calculate the highest common factor of y and m.
1
Suppose k - 16 = -4*h, 2*k - 3*k = 0. Calculate the greatest common factor of h and 2.
2
Let h be (-19)/5 - 2/10. Let w = -1 - h. Suppose 0 = -w*y + 2*y + 5. What is the highest common divisor of y and 45?
5
Suppose -4*j = j - 15. Let y be (10 + 3)*(j + 0). Let q be (-9 + 0)*-3 + -1. What is the highest common factor of y and q?
13
Suppose -66 = -6*j + 48. Suppose 2*v = 4*v - 342. What is the highest common factor of v and j?
19
Let o be (-2)/9 - 2023/(-153). Calculate the highest common factor of o and 143.
13
Suppose -2*f - 15 = -7*f. Suppose 0 = -a + 4 + 11. What is the greatest common divisor of a and f?
3
Suppose -4*k = -0*q + 3*q - 28, 3*q - 2*k - 4 = 0. What is the greatest common factor of q and 44?
4
Let v(d) = 11*d - 21. Let g be v(5). Calculate the greatest common factor of 34 and g.
34
Let w be -2 - -2 - (7 + -29). What is the highest common factor of w and 2?
2
Suppose -7 = -f + 7. What is the greatest common factor of 126 and f?
14
Suppose 0 = 4*a - 0*a - 352. What is the greatest common divisor of a and 11?
11
Suppose -89 = -i - 8. Suppose w - 10 = -0*n - n, -4*n = 3*w - 31. What is the greatest common divisor of i and w?
9
Let u = 0 - -23. What is the highest common factor of u and 23?
23
Let i(c) = 2*c + 1. Let s be i(4). Suppose -13*n + 14*n = 81. Calculate the highest common divisor of n and s.
9
Suppose 4*z + 3*i - 316 = -0*i, -4*z + 320 = 4*i. Let j be (1 - (-14)/(-8))*-4. Suppose j*w = 7 + 50. What is the highest common divisor of z and w?
19
Let v(g) = -g**3 - 3*g**2 - 3*g + 4. Let z be v(-3). Calculate the highest common divisor of z and 13.
13
Suppose 4*p - 5*b = 106, 0 = -2*p + 5*b - 28 + 86. Calculate the greatest common divisor of 48 and p.
24
Suppose 3*a + 4*q - 134 - 13 = 0, -5*a + 213 = -4*q. Calculate the highest common divisor of a and 9.
9
Let v be (-640)/(-36) + (-10)/(-45). Calculate the greatest common factor of v and 12.
6
Let x(u) = 15*u**3 + 2 - u**3 - 1 + 2*u**3. Let f be x(1). Calculate the greatest common divisor of f and 153.
17
Let m(y) = 23*y + 13. Let s be m(4). Calculate the greatest common factor of 70 and s.
35
Suppose -4*u + u + 12 = 0. Suppose -16 = -5*a + u*a. Suppose -65 = -5*v + 3*l, 2*v + 5*l + 10 - 67 = 0. What is the highest common divisor of a and v?
16
Let g(w) = -2*w - 3. Let a be g(-6). Let l = -2 + -1. Let v be (l/(-6))/((-1)/(-126)). What is the highest common factor of a and v?
9
Let l(x) = 8*x - 4. Let f be l(8). Calculate the highest common divisor of f and 15.
15
Let j(b) = -7*b**3 + 3*b**2 + b + 7. Let t be j(-3). What is the greatest common factor of t and 44?
44
Let s(k) = -2*k**2 + k**2 + 4 + 2*k**2 + 0*k**2 - 5*k. Let h be s(13). Calculate the greatest common factor of h and 12.
12
Let u be (0 - (1 - 0)) + 13. Let v = 2 + u. Let b = 6 - 4. Calculate the highest common factor of v and b.
2
Let r be (-1 + -1 + -117)/((-1)/3). Calculate the highest common factor of 21 and r.
21
Suppose -4*l = -0*a + 5*a + 20, -3*l + 4*a = -16. Suppose 3*y + 79 + 47 = l. Let v = 60 + y. Calculate the highest common divisor of 45 and v.
9
Let x(j) = 2*j - 7 - 3*j + 0*j. Let o be x(-9). Calculate the highest common factor of 12 and o.
2
Let r = 11 - 11. Suppose -2*o = -r*o - 220. Calculate the highest common factor of o and 22.
22
Suppose 3*j - 4*a - 128 = 0, -176 = -4*j + 2*a + 8. Calculate the greatest common divisor of j and 12.
12
Let y(r) = -r**2 - 6*r + 3. Let g be y(-6). Calculate the highest common factor of g and 33.
3
Let f = -3 - -5. Let t(r) = 3 + 7*r - 13*r + 5*r - 4. Let a be t(-7). Calculate the highest common factor of a and f.
2
Let h be (5/4)/(1/4). Suppose 4*j = 9*j - 50. What is the greatest common factor of j and h?
5
Let r(l) = -1 - l + 4 + 0. Let p be r(-5). Calculate the highest common divisor of p and 8.
8
Suppose 3*k - 18 = 6. Let l be 6/10*(-2 + 7). Suppose i + 3*c + 2 = -0*c, 5*i = -2*c + l. Calculate the greatest common factor of i and k.
1
Let j be (20 + -2)*(9 + -8). Let n = -79 - -205. What is the greatest common divisor of n and j?
18
Suppose 2*f = -0*f + 72. Suppose 2*g = -3*d + 4, 8*d - 3*d = 4*g + 14. Let c = g + 13. Calculate the highest common divisor of f and c.
12
Let o(g) = -11*g - 32. Let m be o(-4). Calculate the highest common factor of m and 264.
12
Suppose 4*p - 80 = -0*y - 4*y, -3*y + p = -64. Let f be 728/y*(-3)/(-2). Let o = f - 4. Calculate the greatest common factor of o and 6.
6
Let p(i) = i - 1. Let f be p(9). What is the greatest common divisor of 64 and f?
8
Let b be ((-2)/6)/((-17)/153). Suppose -c - 81 = -5*q + 2*c, -4*c - 8 = 0. What is the highest common factor of b and q?
3
Suppose 2*r - 30 = 4. Calculate the greatest common divisor of 17 and r.
17
Let s(m) = 0 + 3 + 7 - m. Let j be s(6). Suppose 3 = 4*p - 1. What is the highest common divisor of j and p?
1
Let d(a) = -13*a + 2. Let p be d(-1). Calculate the greatest common factor of 15 and p.
15
Suppose 2*n + n - 44 = -4*f, -36 = -2*n - f. Suppose -q - 4 = -4*m + 6, 0 = 5*m - n. Calculate the highest common factor of q and 66.
6
Suppose -2*y + 0*y = 0. Suppose y = -7*w + 2*w + 495. Calculate the greatest common divisor of w and 11.
11
Suppose s + 2*s - 39 = -2*f, f = 4*s - 63. Suppose l + 3 = -s. Let a be 6/((l/8)/(-3)). What is the greatest common divisor of 32 and a?
8
Suppose 0*o = 5*s - o - 62, -2*o - 40 = -3*s. Suppose s*q - 11*q - 32 = 0. Calculate the greatest common factor of q and 80.
16
Let w(u) = u**2 - 5. Let j be w(-7). Let v be (-22)/6 - 6/(-9). Let c = 1 - v. What is the highest common divisor of c and j?
4
Let s = 164 - 148. What is the greatest common divisor of s and 6?
2
Let t be ((-6)/4)/((-1)/2). Suppose -t*y + 75 = 5*b - b, b + 125 = 5*y. Suppose -d - 10 = -3*d. What is the greatest common factor of y and d?
5
Let v(o) = o**3 + 8*o**2 + 5*o + 6. Let g be v(-7). Let d(l) = 3*l**2 + 3*l + 4. Let j be d(-9). Calculate the highest common factor of j and g.
20
Suppose 0 = -9*l + 29 + 7. Calculate the greatest common factor of l and 20.
4
Suppose 0 = -2*k + 4*f + 274, -535 = -4*k - 0*f - 5*f. What is the greatest common divisor of 15 and k?
15
Suppose -t + 18 - 9 = 0. Calculate the highest common divisor of 1 and t.
1
Let x = 3 - 8. Let b(l) = -l**3 - 5*l**2 - l + 4. Let h be b(x). Suppose -4*s = -81 + h. Calculate the highest common factor of s and 90.
18
Suppose 430 = 4*p - 278. Let n = -123 + p. Calculate the highest common factor of 6 and n.
6
Let n = 10 + -3. Calculate the greatest common divisor of 1 and n.
1
Let p(n) = 6*n**3 - 2*n + 1. Let y be p(1). Suppose -5*d - 5 - y = 0. Let q be -57*((-6)/(-9))/d. Calculate the highest common factor of q and 19.
19
Let b = 133 - 77. What is the highest common factor of 28 and b?
28
Suppose 42 = 7*n - 5*n + h, -84 = -4*n - 4*h. Let p = -173 - -320. Calculate the greatest common divisor of p and n.
21
Suppose 0*s = -s. Suppose 2*k + k = g + 37, 2*g - 10 = s. Let d = k - -1. Calculate the highest common factor of d and 165.
15
Let s = 96 + -184. Let v be s/(-20) + 3/5. Suppose 3*l + 0*c - 2*c = 48, -v*l + 80 = -5*c. Calculate the highest common divisor of 40 and l.
8
Suppose 32 = -4*i - 8. Let k be (-116)/i + 2/5. What is the highest common factor of 108 and k?
12
Let i = 624 - -3. Suppose -3*x - i = -6*x. Calculate 